{"id":4986,"date":"2025-12-24T10:19:06","date_gmt":"2025-12-24T10:19:06","guid":{"rendered":"https:\/\/www.safedemat.com\/?page_id=4986"},"modified":"2025-12-24T12:11:36","modified_gmt":"2025-12-24T12:11:36","slug":"les-de-notre-offre","status":"publish","type":"page","link":"https:\/\/www.safedemat.com\/?page_id=4986","title":{"rendered":"Les + de notre offre"},"content":{"rendered":"\n<figure class=\"wp-block-image size-full\"><a href=\"https:\/\/www.safedemat.com\/wp-content\/uploads\/2025\/12\/Gemini_Generated_Image_f2vzzuf2vzzuf2vzwEGEDWCc1766573065.png\"><img loading=\"lazy\" decoding=\"async\" width=\"1024\" height=\"756\" src=\"https:\/\/www.safedemat.com\/wp-content\/uploads\/2025\/12\/Gemini_Generated_Image_f2vzzuf2vzzuf2vzwEGEDWCc1766573065.png\" alt=\"\" class=\"wp-image-5011\" srcset=\"https:\/\/www.safedemat.com\/wp-content\/uploads\/2025\/12\/Gemini_Generated_Image_f2vzzuf2vzzuf2vzwEGEDWCc1766573065.png 1024w, https:\/\/www.safedemat.com\/wp-content\/uploads\/2025\/12\/Gemini_Generated_Image_f2vzzuf2vzzuf2vzwEGEDWCc1766573065-300x221.png 300w, https:\/\/www.safedemat.com\/wp-content\/uploads\/2025\/12\/Gemini_Generated_Image_f2vzzuf2vzzuf2vzwEGEDWCc1766573065-768x567.png 768w, https:\/\/www.safedemat.com\/wp-content\/uploads\/2025\/12\/Gemini_Generated_Image_f2vzzuf2vzzuf2vzwEGEDWCc1766573065-217x160.png 217w, https:\/\/www.safedemat.com\/wp-content\/uploads\/2025\/12\/Gemini_Generated_Image_f2vzzuf2vzzuf2vzwEGEDWCc1766573065-810x598.png 810w, https:\/\/www.safedemat.com\/wp-content\/uploads\/2025\/12\/Gemini_Generated_Image_f2vzzuf2vzzuf2vzwEGEDWCc1766573065-560x413.png 560w, https:\/\/www.safedemat.com\/wp-content\/uploads\/2025\/12\/Gemini_Generated_Image_f2vzzuf2vzzuf2vzwEGEDWCc1766573065-880x650.png 880w, https:\/\/www.safedemat.com\/wp-content\/uploads\/2025\/12\/Gemini_Generated_Image_f2vzzuf2vzzuf2vzwEGEDWCc1766573065-120x90.png 120w\" sizes=\"auto, (max-width: 1024px) 100vw, 1024px\" \/><\/a><\/figure>\n\n\n\n<p><\/p>\n\n\n\n<p><\/p>\n\n\n\n<p class=\"has-black-color has-text-color has-link-color has-medium-font-size wp-elements-1fdb14dc32dbb25a5f62e48ad772e388\">1- Offre qui <strong style=\"color:#2ecc71\">couvre toute la chaine de valeur<\/strong> d\u2019un projet de digitalisation<\/p>\n\n\n\n<p class=\"has-black-color has-text-color has-link-color has-medium-font-size wp-elements-b99953bb4b5440f367f8f61f3c57d1f3\">2- Possibilit\u00e9 de <strong style=\"color:#2ecc71\">personnalisation <\/strong>et de dev sp\u00e9cifique<\/p>\n\n\n\n<p class=\"has-black-color has-text-color has-link-color has-medium-font-size wp-elements-184fa7e730831d238b4387e820cf3de3\">3- Tarifications <strong style=\"color:#2ecc71\">flexibles <\/strong>&amp; <strong style=\"color:#2ecc71\">\u00e9volutives<\/strong><\/p>\n\n\n\n<p class=\"has-black-color has-text-color has-link-color has-medium-font-size wp-elements-c65b4afbfb0c9aef7ff5a41d7ca68130\">4- Solution <strong style=\"color:#3498db\">souveraine sans backdoor<\/strong>, installable sur l\u2019infrastructure des clients<\/p>\n\n\n\n<p class=\"has-black-color has-text-color has-link-color has-medium-font-size wp-elements-af51903738e20e5654fa52d44a3b3b12\">5- Solutions <strong style=\"color:#3498db\">adaptables <\/strong>aux contraintes juridiques locales<\/p>\n\n\n\n<p><\/p>\n","protected":false},"excerpt":{"rendered":"<p>1- Offre qui couvre toute la chaine de valeur d\u2019un projet de digitalisation 2- Possibilit\u00e9 de personnalisation et de dev sp\u00e9cifique 3- Tarifications flexibles &amp; \u00e9volutives 4- Solution souveraine sans backdoor, installable sur l\u2019infrastructure des clients 5- Solutions adaptables aux contraintes juridiques locales<\/p>\n","protected":false},"author":1,"featured_media":0,"parent":0,"menu_order":0,"comment_status":"0","ping_status":"closed","template":"","meta":{"footnotes":""},"class_list":["post-4986","page","type-page","status-publish","hentry"],"_links":{"self":[{"href":"https:\/\/www.safedemat.com\/index.php?rest_route=\/wp\/v2\/pages\/4986","targetHints":{"allow":["GET"]}}],"collection":[{"href":"https:\/\/www.safedemat.com\/index.php?rest_route=\/wp\/v2\/pages"}],"about":[{"href":"https:\/\/www.safedemat.com\/index.php?rest_route=\/wp\/v2\/types\/page"}],"author":[{"embeddable":true,"href":"https:\/\/www.safedemat.com\/index.php?rest_route=\/wp\/v2\/users\/1"}],"replies":[{"embeddable":true,"href":"https:\/\/www.safedemat.com\/index.php?rest_route=%2Fwp%2Fv2%2Fcomments&post=4986"}],"version-history":[{"count":23,"href":"https:\/\/www.safedemat.com\/index.php?rest_route=\/wp\/v2\/pages\/4986\/revisions"}],"predecessor-version":[{"id":5015,"href":"https:\/\/www.safedemat.com\/index.php?rest_route=\/wp\/v2\/pages\/4986\/revisions\/5015"}],"wp:attachment":[{"href":"https:\/\/www.safedemat.com\/index.php?rest_route=%2Fwp%2Fv2%2Fmedia&parent=4986"}],"curies":[{"name":"wp","href":"https:\/\/api.w.org\/{rel}","templated":true}]}}